 - 297 - 128. Is n prime?
False
Let f(d) = 1980*d**2 - 3*d + 22. Is f(-3) a prime number?
True
Suppose -5*x = 5*r - 85, -2*r - 20 = -4*x - 72. Suppose p = -4*p + r. Suppose 330 = 4*o - 6*d + p*d, 3*d = 15. Is o a prime number?
False
Let k = -441 + 674. Let o = k - 2597. Is (-2 - o/8)*2 a prime number?
True
Let f(b) = -b + 1. Let t(u) = -878*u - 1. Let d(v) = 2*f(v) + t(v). Let h be d(2). Let g = -1218 - h. Is g composite?
False
Let k(y) = -y**3 + 4*y**2 - 3. Let s be k(3). Suppose 5*u + 131 = s*u. Is u prime?
True
Let m be (-12)/((-74)/(-38) + -2). Let c = m + -151. Is c a composite number?
True
Suppose -5*f + 5774 = -x, -x + 2292 = 2*f + 3*x. Is f composite?
True
Let v = 5 - 14. Let n(p) = 7*p + 1. Let o be n(v). Is (-2 + (-9)/6)*o composite?
True
Is (2037/(-28))/(2/(-8)) a composite number?
True
Let d(a) = -34*a**2 - 32*a - 1. Let t be d(-7). Is t/(-5) - (-1 - 9/(-15)) a prime number?
False
Let j(b) = b**3 - 6*b**2 + 7*b - 4. Let c be j(4). Let k be c*(-2 - 15/(-6)). Is k/6*(-636)/8 prime?
True
Suppose -5*o + 4*o + 3 = 0, 5*o = 5*v - 195. Let j = v - -1139. Is j a composite number?
False
Let o(k) = -224*k**3 - k - 2. Let y(a) = -1121*a**3 + a**2 - 6*a - 11. Let h(l) = -11*o(l) + 2*y(l). Let j be ((-6)/3)/(0 + -2). Is h(j) composite?
False
Let j = 943 - 240. Is j a composite number?
True
Suppose 0 = 4*b - 0*b - 16. Suppose 0 = b*f - 1840 - 540. Suppose 2*n + f = 7*n. Is n a composite number?
True
Let i(s) = -s**2 - 6*s + 3. Let g be i(-7). Let a be g/18 - 60/(-27). Suppose -d - 239 = -a*d. Is d composite?
False
Let m(o) = -5*o**3 - o**2 + 2. Let d be m(-2). Suppose 4*l + 4*q = 130 + 70, l + 5*q - d = 0. Suppose -4*a + 379 = -3*n, a - 38 - l = 2*n. Is a a prime number?
True
Let q be (0/(1 - -3))/(-2). Let s(i) = -3*i**3 + 2 + q*i**3 - 1 + 2*i + i**3. Is s(-3) a prime number?
False
Is 21500 + (24 - 11 - 4) a prime number?
False
Let y(k) be the third derivative of -k**8/6720 - k**7/2520 + k**6/90 - k**5/24 + k**4/8 + 5*k**2. Let r(t) be the second derivative of y(t). Is r(-6) composite?
False
Let o be (-4)/(-18) + (-41230)/126. Let j = o - -776. Is j a composite number?
False
Suppose -141*l + 346549 = -134*l. Is l a composite number?
True
Let o(r) = 11*r**2 - 4*r - 15. Suppose -2 - 3 = q, -q - 1 = -p. Is o(p) a composite number?
True
Let u(t) = 4*t**2 + t**3 + 4*t**2 - 4 - 4*t**2. Let d be u(-3). Suppose 0 = -d*n + 5*o + 625, n - o = 3*o + 119. Is n a composite number?
False
Let v(i) = 8*i**3 + 5*i**2 - 6*i - 4. Let s be v(3). Is (3 + 1 + -8 - -5)*s a composite number?
False
Let o(d) = d**2 + 8*d - 12. Let c be o(-10). Suppose 10 = c*r - 6. Is (r/6)/((-20)/(-22740)) a prime number?
True
Let a(d) = -6*d**3 + d. Let x be a(1). Let l(j) = 110*j**2 - 6*j - 13. Is l(x) a prime number?
True
Let u be 3*2/12*20. Suppose 16 = d - 3*x + 5, -2*x = -u. Is d a composite number?
True
Suppose 0 = -3*k + 5*s + 21, -5*k + 13 = -6*s + 5*s. Suppose 0 = -3*c + k*x + 3116, 0 = -c - 14*x + 9*x + 1067. Is c composite?
True
Let c be ((-10)/(-3))/((-22)/(-33)). Suppose c*j - 39 - 19 = 3*i, 0 = 5*j + 4*i - 51. Is j prime?
True
Let b(o) = o**3 - 18*o**2 - o + 20. Let l be b(18). Suppose -c + 0*c + 93 = -4*m, l*m + 101 = c. Is c a prime number?
True
Suppose 3*y = -3978 - 267. Let c = -1006 - y. Is c a prime number?
True
Let h(s) = -11*s**3 - 12. Is h(-7) prime?
True
Is -1*((-6437)/7 + 20/35) prime?
True
Suppose -u - 5 = 0, -4*y + 39 - 2 = -5*u. Suppose 8 = -q + 2*q + b, 0 = -y*b + 12. Suppose 117 = w + 2*j, -q*j - 123 = 3*w - 4*w. Is w prime?
False
Suppose -3*d - 3 = -3*v, -3*v + 12 = 2*v + 2*d. Let m be (3 - (v + 2)) + 21. Is 13708/m - 6/15 a composite number?
True
Let v(l) = -579*l + 17. Is v(-4) a composite number?
False
Let a(q) = 8*q - 7. Let j be a(6). Suppose 0 = 5*w + 16 - j. Suppose 6*y - 3*z = 2*y + 2539, -2*z = w*y - 3145. Is y composite?
False
Let i = -2975 + 8878. Is i prime?
True
Suppose -4*i + 5*g = 2, i - 5*g = -i - 6. Suppose i*l - 10 = 0, -2382 - 1230 = -3*m - 3*l. Is m composite?
True
Is -19132*(-7)/168 + (-2)/12 composite?
False
Suppose 2*i - 251 = 4*u + 191, 2*u = 3*i - 643. Suppose -i = -2*b - 41. Is b prime?
False
Let j be 7/49 + 5468/(-7). Suppose 7*y - 8*y = 410. Let f = y - j. Is f a prime number?
False
Let g be ((-4)/(-2))/(6/(-1035)). Let d = g + 1035. Let z = d + -467. Is z a composite number?
False
Suppose -o + 5328 = -y, 4*y = -o + 4427 + 926. Is o prime?
True
Suppose 0 = -2*j - 4*b + 95836, -18065 = -5*j + b + 221503. Is j composite?
True
Let u be 6/(-4)*8/(-6). Suppose -5*c = -10, -u*c = 2*n - 4*c - 6. Suppose 3*o + 3*f = 105, -31 = -n*o + 4*o + 3*f. Is o a composite number?
True
Suppose -3*d + 6 = 0, 351*w + 2*d = 354*w - 19403. Is w a prime number?
True
Let t(l) = 24157*l**2 + 20*l - 7. Is t(-2) a composite number?
False
Suppose 3443 - 10397 = -6*b. Is b a prime number?
False
Let f = 701 + -450. Is f prime?
True
Let a(s) = 11*s**3 - 5*s**2 + 2*s + 5. Let j = -10 - -13. Is a(j) prime?
True
Suppose -5*s - 27126 = -2*g, 5*g - 3*g + 2*s = 27098. Is g a composite number?
False
Let y(u) = -9*u - 3. Let n be y(-2). Let q be (n/12)/(4/(-32)). Let z(g) = g**3 + 13*g**2 - 7*g - 15. Is z(q) composite?
True
Suppose i = -9*r + 5*r + 4795, -2*i - 2400 = -2*r. Is r prime?
False
Let j be 16*(10/(-4))/(-5). Suppose 2*w = j, -u + 2*w = 171 - 524. Is u a prime number?
False
Let j(i) = 8*i**3 + 18*i**2 - 13*i + 5. Is j(12) composite?
True
Is (1900/(-19))/20 - (-4512 + 0) composite?
False
Let w(f) = 35 - f**3 + 19 + 92 + f + 11 + f**2. Is w(0) a composite number?
False
Let v = -11 - -14. Suppose -9 = -4*d + v. Suppose d*a - 633 = -0*a. Is a prime?
True
Suppose -10 = -h + 3*z - 8*z, 0 = -z + 1. Suppose -h*i = -283 - 1252. Is i a prime number?
True
Suppose 3*a = -5*h - 0 - 4, 0 = 2*h + 5*a - 6. Let d be h*((-3)/(-6) - 0). Is 1/((d - 0)/(-631)) prime?
True
Is (5/6)/(2/(-12)) + 17782 composite?
True
Let u = 22266 + -10057. Is u a composite number?
True
Suppose 4*n = -4*x + 3797 + 6223, 2507 = x + 2*n. Is x prime?
True
Suppose 0 = 4*q + 2*c - 78, -2*q - 2*c - 2*c + 30 = 0. Let r = -16 + q. Suppose 5*w - k - 740 = 0, -3*w + 770 = 2*w + r*k. Is w prime?
True
Suppose -2*b + t + 0 = -3, 0 = 3*b - 4*t - 2. Suppose 231 = b*v + v + 3*s, -5*v = -s - 385. Is v prime?
False
Let s = 1054 + 481. Is s composite?
True
Suppose -d + 3*s = 19, 0*s + 4 = -d - 2*s. Let n be (-6812)/d + (-6)/30. Let k = n - 334. Is k composite?
False
Let l be 0 + 1 - (5 - 6). Suppose -4*x - 5*m + 1650 = x, -10 = l*m. Is x a prime number?
False
Let t(d) = d + 15. Let s(x) = -x**3 - 8*x**2 - 2. Let a be s(-8). Is t(a) a prime number?
True
Suppose 0 = 5*w - 2 - 13. Suppose -y - 37 = -w*r, 159 = -5*y + 5*r - 6. Let l = y - -158. Is l a composite number?
False
Suppose f - 37169 = -4*v, -2*v = -4*v - 3*f + 18577. Is v a prime number?
True
Suppose 148972 = -21*s + 25*s. Is s prime?
True
Let b(s) = s - 6. Let k be b(5). Suppose 5*n = n + 4688. Is k/((-4)/n) - 0 composite?
False
Let r be (765/(-27))/(1/3). Let o = 162 + r. Suppose -2*j = -t - 116, 5*t - o = 3*j - 244. Is j composite?
False
Suppose -19*a = -13*a - 6414. Is a prime?
True
Let p(y) = y**3 + 4*y**2 - 6*y - 3. Let f be p(-5). Suppose -1158 = -2*k + 4*i, -k = 4*k + f*i - 2919. Is k a composite number?
True
Let j(i) = -106*i - 25 + 96 - 38. Is j(-13) a composite number?
True
Suppose 0 = -4*g + 5*i - 42, 2*g + 21 + 5 = 5*i. Let y be (-4)/g - (-3)/(-6). Suppose y = 4*k + 2*l - 160 - 1126, -1580 = -5*k + 3*l. Is k a composite number?
True
Let y = -102 + 99. Is ((-63)/(-27))/(y/(-9981)) composite?
True
Let w(j) = 5*j**2 - j - 9. Let r(p) = p**2 - 7*p - 9. Let q(d) = -8*d - 9. Let o(k) = 5*q(k) - 6*r(k). Let g(m) = 4*o(m) + 5*w(m). Is g(17) prime?
True
Let f = -189 - -691. Suppose f = -3*g + 1681. Is g a prime number?
False
Is 6 + 5898 + -3 - (0 + 2) a prime number?
False
Suppose 3*w = j - 26 - 1509, -j - 2*w + 1535 = 0. Is j a prime number?
False
Suppose -6352 = -2*h + 8614. Suppose -h - 911 = -6*f. Is f composite?
False
Let u(j) = -j**2 + 6*j - 2. Let t be u(6). Let m(o) be the first derivative of -117*o**2/2 - o + 10. Is m(t) a prime number?
True
Suppose -20*m = -16*m - 24428. Is m a composite number?
True
Let r(s) = 8*s**2 - 4*s - 26. Is r(-4) prime?
False
Let y(x) = -8205*x + 58. Is y(-1) prime?
True
Suppose -3 + 13 = 2*p. Suppose -p*d - 22 = -1